 = r + 6. Let y(s) = 6*s + 12. Let n(b) = 4*b + 9. Let c(h) = 8*n(h) - 5*y(h). Let g be c(-3). Calculate t(g).
12
Suppose 4*i + 17*w + 29 = 22*w, -w + 1 = 0. Let l(g) = -7*g - 36. Give l(i).
6
Let h(w) = -w**2 + 29*w - 26. Let v = 12919 + -12891. What is h(v)?
2
Let q be (-2)/(-3) + 832/48 + 6. Let w(z) = -z**3 + 25*z**2 - 23*z - 48. Calculate w(q).
-24
Let w(v) = 25*v**3 + 9*v + 45. Let y(a) = 54*a**3 - 3*a**2 + 19*a + 92. Let p(q) = 13*w(q) - 6*y(q). Give p(-18).
-21
Let j(n) = -3400*n - 2032. Let w(x) = -182*x - 107. Let y(o) = 3*j(o) - 56*w(o). Determine y(-10).
-24
Let f(c) = -c**3 - c**2 + 5*c + 3. Let l = -91 - -43. Let i = -45 - l. Suppose -i = 2*x + 4*n + 19, -2*x - n = 10. Give f(x).
6
Let k = 1395 + -1405. Let q(n) = -n**2 - 8*n - 8. Calculate q(k).
-28
Let n = 4 - 5. Suppose -50*w + 153 = -41*w. Let d(t) = -31*t + 10*t + w*t. What is d(n)?
4
Let k(s) be the third derivative of -s**6/360 + 7*s**5/40 - s**4/4 + s**3/3 - 53*s**2. Let z(r) be the second derivative of k(r). Calculate z(9).
3
Let z be -4 - (5 - 564) - 4. Suppose -12 = 554*h - z*h. Let i(n) = 3*n**2 + 2*n + 6. What is i(h)?
46
Let g(x) = x**3 - 10*x**2 - 3*x + 13. Let h = -65 - -68. Suppose -5*r = -3*p - 1017, -3*p - 1041 = -0*r + h*r. Let d be p/(-36) - 8/(-18). What is g(d)?
-17
Let h(q) be the second derivative of q**5/20 - 5*q**4/12 - 2*q**3/3 + q**2/2 - 5162*q. Suppose -3*r + m + 16 = 0, r + 3*r + 5*m = 34. What is h(r)?
13
Suppose 0 = -z - 19 + 29. Let r = z + -6. Suppose -r*o - 12 = -2*o. Let s(f) = -f - 3. Calculate s(o).
3
Let k(p) = p**3 + 15*p**2 - 30*p - 230. Let h be k(-16). Let t(o) = -o**3 - 4*o**2 + 14*o + 11. Determine t(h).
-1
Let w(p) = -4 + p**2 + 2 + 0 - p. Let h(j) = -j**3 - 64*j**2 + 10423*j - 274. Let m be h(-139). Give w(m).
10
Let j be (-450)/(-55) - 2/11. Let g(w) = 100*w**2 + 73*w**2 + 5*w + 3 - 166*w**2 - w**3. Determine g(j).
-21
Let x(c) be the first derivative of 1/3*c**3 - 5/2*c**2 - 3 - 8*c. Calculate x(7).
6
Let h be ((-5)/(-20))/(1/68). Suppose 15*r = h*r - 2. Let f(k) = -5*k**2 - k. Let m be f(r). Let l(g) = -g**2 - 7*g - 9. Determine l(m).
-3
Let u(a) = -14*a - 137. Let z(k) = -15*k - 148. Let f(w) = 4*u(w) - 3*z(w). Give f(-11).
17
Let d(b) = -96*b + 3*b**2 - 2*b**2 + 198*b + 2 - 99*b. What is d(-1)?
0
Let d(h) = -3*h + 1. Suppose 8*l - 44*l = -108. Let t(x) = -x + 1. Let g be 9/(-3)*(-2 - -3). Let c(z) = g*t(z) + l*d(z). Calculate c(-1).
6
Let g(t) = -2*t**3 + 6*t**2 - 4*t + 5. Let w(x) = x**3 - 4*x**2 + 1. Let h(v) = -g(v) - 3*w(v). Suppose 12*o = 5*o + 42. Calculate h(o).
16
Let x(j) = -1036*j - 3106. Let v be x(-3). Let i(t) be the first derivative of 3/2*t**v + 3 + t. What is i(6)?
19
Let t be 5 + 20/(-4) - -2. Suppose 3 = -2*v - t*v - 5*c, 0 = 4*v - c + 33. Let f(l) = -2*l - 17. Give f(v).
-3
Let n be (-12)/(-9) - (-80)/48. Let t(i) = 2*i**n - 7*i - 9 - 7*i + 4*i + 5*i**2 + i**3 - 2*i**3. What is t(-6)?
15
Let j(r) = 7*r - 8. Let v be 1 - 120/136 - 484/68. Calculate j(v).
-57
Let p = 2 + -3. Let s(d) be the second derivative of 1/2*d**2 - 122*d + 0 + 1/6*d**3 + 5/4*d**4. What is s(p)?
15
Let r(v) = 3*v - 3. Let q(x) = -6*x + 7. Let t(f) = 4*q(f) + 5*r(f). What is t(7)?
-50
Let k = 14105 + -14111. Let z(x) = x**2 + 10*x + 27. What is z(k)?
3
Let d(l) be the second derivative of l**4/12 + l**3 + 2*l. Let u be (-2940)/7 + 4 - 0. Let i = 411 + u. Calculate d(i).
-5
Let l(j) = -6*j**3 + 46*j**2 + 28*j - 98. Let m be l(8). Let u(p) = 5*p + 5. Determine u(m).
-5
Let d be (8/2)/((-20)/(-45)). Let b(t) = -d + 0 + t**2 + 13 + 7*t. Suppose 0 = -14*a + 9*a - 40. Calculate b(a).
12
Let x(v) = v**3 + 6*v**2 + 6*v - 4. Suppose -3*r = 245 - 257. Let b(a) = -2*a - 9. Let k be b(-7). Suppose -r*y - 45 = k*y. Give x(y).
-9
Let r = 313 - 320. Let d be 1*((-77)/r - 2). Let f(c) = -c + 15. Determine f(d).
6
Let o(i) = i**2 + 7*i + 9. Suppose -p - 164 + 410 = 0. Suppose 0 = 247*l - p*l + 7. Determine o(l).
9
Suppose 3*w + 6 = 21. Let x(n) = 2*n**2 - 7*n + 5. Let t(q) = 2 + 5*q - 9*q - q**2 + 8*q - 5. Let i(l) = 5*t(l) + 2*x(l). Calculate i(w).
0
Let y(l) = l**3 + 4*l**2 - 4*l - 6. Let d(c) = -c + 6. Let t be d(-4). Suppose -m + a - t = -0*a, -3*m + 10 = 5*a. Determine y(m).
-11
Let m(r) = -4*r - 27. Suppose 12*l - 14*l = 18. Let w be m(l). Suppose 10 - w = d. Let o(h) = -h**2 + 3*h - 1. Give o(d).
1
Let y(v) be the first derivative of -v**6/360 - v**5/60 - v**3 + 7*v**2/2 - 38. Let d(i) be the third derivative of y(i). What is d(2)?
-8
Suppose 2*d + 2*i = 16, 0 = -5*d - 2*i + 7*i. Let r(a) = 3*a**2 - 5*a + 16. Let t(m) = -2*m**2 + 6*m - 14. Let s(c) = d*t(c) + 3*r(c). Calculate s(-10).
2
Let x(j) = -j**2 + 9*j + 3. Let n be (19 - (-736)/(-24))*(-12)/28. Give x(n).
23
Let f(r) be the third derivative of r**6/120 - r**5/12 - 5*r**4/24 - 7*r**3/6 + 4375*r**2. Let a = 6 + 0. What is f(a)?
-1
Suppose 5*y - 2*z = 2*z + 6, -3*y + 4*z = -2. Suppose -b - y*h - 12 + 4 = 0, 0 = 5*b + h + 4. Let x(k) = k - 24. Give x(b).
-24
Let x(a) = 248*a - 2215. Let c be x(9). Let t(s) = -s**3 + 18*s**2 - 16*s + 20. What is t(c)?
37
Let n(i) = -97*i + 18*i + 9*i + 48*i - 253. Determine n(-11).
-11
Suppose 4*f - v = -3 - 6, 21 = -4*f - 3*v. Let i(h) be the third derivative of -h**6/120 - h**5/20 + h**4/24 - h**3/6 - 7*h**2. Calculate i(f).
-4
Let x(n) = 916*n - 5. Let w be x(0). Let k(z) = z - 3. Let g(y) = y - 4. Let m(d) = 5*g(d) - 7*k(d). Give m(w).
11
Let j(z) = -2*z - 43. Suppose -106*o - 2732 + 612 = 0. Calculate j(o).
-3
Suppose 0 = 18*s - 143 + 35. Let m(u) = -u**3 + 8*u**2 - 4*u - 7. What is m(s)?
41
Let c(n) be the second derivative of 4*n**3 + 67*n - 1/2*n**2 + 0. What is c(1)?
23
Let c(u) be the third derivative of u**6/360 + u**5/15 + 7*u**4/24 - 23*u**3/3 - 6*u**2. Let m(l) be the first derivative of c(l). What is m(-6)?
-5
Let z = 7 - -14. Let l = z - 19. Let h(a) = -1 - 4*a - 2*a + l + 5*a. Give h(-5).
6
Suppose 0 = -16*s - 83 + 19. Let d be (10/4)/(s - 36/(-8)). Let j(a) = -2*a - 9. Let o(n) = -1. Let u(i) = j(i) - 2*o(i). Give u(d).
-17
Let x(a) = 10*a**3 - 30*a - 24. Let y(b) = -3*b**3 + b**2 + 10*b + 8. Let c(g) = 4*x(g) + 13*y(g). Give c(-12).
32
Let f = -1 - -7. Let n(w) = -w**2 - w - 1. Let z(k) = 7*k**2 + 7*k + 4. Let p(h) = f*n(h) + z(h). Let m be 50/((-1100)/(-66))*((-4)/(-2) + -3). Give p(m).
4
Let d(f) be the third derivative of -f**5/60 - f**2. Let x(u) = -3*u**2 - 2*u - 1. Let a be (12 - 7)*2/(-10). Let l(o) = a*x(o) + 4*d(o). Determine l(-1).
-2
Suppose -48*o + 367 = -174 - 419. Let p(u) = -u**2 + 19*u + 14. Determine p(o).
-6
Let f(k) = -k - 5. Let p be 106/(-10) - (-1 - 2/(-5)). Let b be (-3)/(15/2) - 44/p. Let d be ((-6)/36*b)/(2/21). Give f(d).
2
Let m(x) = -107 + 4*x + 294 - 107 - 5*x - 93. Suppose -c - 1 = 1. Let v be (c - -23)/(-3) + -2. What is m(v)?
-4
Let r(c) be the first derivative of -c**4/12 - 3*c**3/2 - 15*c**2 + 4*c + 154. Let q(a) be the second derivative of r(a). What is q(-8)?
7
Suppose -4*r + 3*r = 0. Let j = 1 - r. Let g(m) = m**2 - j + 5 - 46*m + m**3 + 43*m. Calculate g(-3).
-5
Let c(o) = o**2 + 6*o + 4. Let k(r) be the first derivative of -2/3*r**3 - 32 - 1/2*r**2 + 6*r. Let i be k(2). What is c(i)?
-4
Let s(v) be the third derivative of -5/24*v**4 + 0*v - 416*v**2 + 0 - 1/6*v**3 + 1/60*v**5. Suppose 0 = l + 5*x + 21, -7*l = -2*l + x - 15. Give s(l).
-5
Let j(q) = -153*q + 27*q + 57*q + 78*q - 384. Give j(42).
-6
Let m = -67 - -83. Let u(c) = -6*c - 7*c - m*c - 27. Let y(g) = 6*g + 5. Let n(t) = -2*u(t) - 11*y(t). Calculate n(1).
-9
Let v(f) = 9*f - 49. Suppose 46 = 16*n + 7*n. Let b(m) = 2*m - 9. Let x(k) = n*v(k) - 11*b(k). Calculate x(3).
-11
Let g(j) = 14*j**2 + 34*j + 13. Let p(k) = -k**2 - 3*k. Let q(n) = g(n) + 16*p(n). Give q(-8).
-3
Let m(i) = 56*i - 110. Let k be (-9 - (-152)/16)*4. Let b be m(k). Let g(v) = -4*v**2 + v - 2. Let u(n) = n. Let x(p) = -g(p) - 3*u(p). Give x(b).
10
Let m(v) = -v**3 - 8*v**2 - 8*v - 8. Suppose 2*j + 96 - 158 = 0. Suppose a + 2*u = 3 - 6, -j = 5*a + 2*u. Calculate m(a).
-1
Suppose 34 = 4*o + 2. Let g(l) = -9654*l**2 + 9646*l**2 - 24 + l**3 + 21. Determine g(o).
-3
Let z(x) = -x**3 + 7*x**2 + 3*x - 25. Let i be z(7). Let t(j) = -j**2 + j + 2. Let p(b) = 2*b**2 - 5*b - 6. Let c(v) = i*t(v) - p(v). Determine c(1).
1
Let a be (-3 - -6)*(-4 - -3). Let j(x) = -63 + 2*x**2 - x**3 + 5*x